{"id":17,"date":"2018-12-07T10:57:12","date_gmt":"2018-12-07T10:57:12","guid":{"rendered":"http:\/\/trio-a-due.de\/?page_id=17"},"modified":"2019-12-18T10:48:19","modified_gmt":"2019-12-18T10:48:19","slug":"press","status":"publish","type":"page","link":"https:\/\/www.trio-a-due.de\/?page_id=17","title":{"rendered":"Press"},"content":{"rendered":"<p>[vc_row][vc_column css=&#8221;.vc_custom_1541414513510{padding-bottom: 100px !important;}&#8221;][vc_column_text css=&#8221;.vc_custom_1576666089892{padding-bottom: 50px !important;}&#8221;]<\/p>\n<h2><\/h2>\n<h2><span class=\"body_fett\"><img loading=\"lazy\" class=\"alignnone wp-image-457 size-full\" src=\"http:\/\/trio-a-due.de\/wp-content\/uploads\/2019\/12\/Presse-1.jpg\" alt=\"\" width=\"1300\" height=\"512\" srcset=\"https:\/\/www.trio-a-due.de\/wp-content\/uploads\/2019\/12\/Presse-1.jpg 1300w, https:\/\/www.trio-a-due.de\/wp-content\/uploads\/2019\/12\/Presse-1-300x118.jpg 300w, https:\/\/www.trio-a-due.de\/wp-content\/uploads\/2019\/12\/Presse-1-1024x403.jpg 1024w, https:\/\/www.trio-a-due.de\/wp-content\/uploads\/2019\/12\/Presse-1-768x302.jpg 768w\" sizes=\"(max-width: 1300px) 100vw, 1300px\" \/><\/span><\/h2>\n<h2><span class=\"body_fett\">Niggemann Foundation:<\/span><\/h2>\n<p>First honour for two Frankfurt musicians&#8230;Ilse Niggemann had just launched the \u201dNiggemann Foundation for the promotion of gifted artists\u201d. According to the 81-year old art-collector , musicians should principally benefit from this foundation, but also architects and artists involved in the fine arts. The first 20.000 Deutschmarks go to two Frankfurt musicians, Almut Seebeck and Felicitas Weyer, who make up the Trio A Due. This unusual vocal ensemble, unique in its configuration \u2013 a soprano and a mezzosoprano, who also takes on the role of accompanist \u2013 impressed the patron Niggemann with their classical programme that also included Yiddish songs.<\/p>\n<p><em><span class=\"body_kursiv\">Frankfurter Rundschau<\/span><\/em><\/p>\n<h2><span class=\"body_fett\">Zwillings-Duo legte sich f\u00fcr drei in&#8217;s Zeug&#8230;<\/span><\/h2>\n<p>Ein &#8220;Trio A Due&#8221;, ein Trio zu zweit &#8211; wie geht denn das? Ganz einfach. Nach dem bew\u00e4hrten Prinzip &#8220;Aus zwei mach\u00b4 drei&#8221; verzichten Almut Seebeck und Felicitas Weyer auf einen Klavierbegleiter. Felicitas Weyer greift selbst in die Tasten, \u00fcbernimmt damit einen Doppelpart als Mezzosopranistin und Pianistin und ihre Partnerin fungiert zwischendurch sogar als charmante Moderatorin&#8230;Beide harmonieren vom Stimmtimbre her ideal miteinander; die zus\u00e4tzlichen manuellen Aufgaben bew\u00e4ltigt Felicitas Weyer so m\u00fchelos, einf\u00fchlsam und leichth\u00e4ndig, dass der Eindruck sich aufdr\u00e4ngt: zwei &#8220;Sunny Girls&#8221;, die offenbar ein Herz und eine Seele sind &#8230;.Ein H\u00f6rvergn\u00fcgen der reinsten Wonne&#8230;<\/p>\n<p><span class=\"body_kursiv\"><em>Berliner Morgenpost<\/em><\/span><\/p>\n<h2>\u201eTwin Duo work as if they were three &#8230;<\/h2>\n<p>Their voices harmonize ideally and Felicitas Weyer seems to have mastered the additional manual skills so effortlessly and sensitively that they give the impression of two \u201esunny girls\u201c who in effect perform with one heart and soul&#8230;To hear them was a pure delight.\u201c<em><br \/>\n<\/em><\/p>\n<p><em>Berliner Morgenpost<\/em><\/p>\n<h2>Musik Hildegard von Bingens &#8230;<\/h2>\n<p>Der wunderbar abgestimmte Gesang von Almut Seebeck (Sopran) und Felicitas Weyer (Mezzo) f\u00fcllte das Kirchenschiff im Geiste der Romanik&#8230;<\/p>\n<p><em>Frankfurter Rundschau<\/em><\/p>\n<h2>Das &#8220;Trio A Due&#8221; fesselte seine Zuh\u00f6rer in der Alten Oper Frankfurt&#8230;<\/h2>\n<p>Zum Trio braucht man nicht immer drei. Das bewies das &#8220;Trio A Due&#8221;, bei dem Felicitas Weyer, eine der beiden S\u00e4ngerinnen zugleich auch Klavierbegleiterin ist. Die beiden S\u00e4ngerinnen erg\u00e4nzten sich stimmlich wunderbar.<\/p>\n<p><em>Frankfurter Neue Presse<\/em><\/p>\n<h2>\u201eTrio A Due enthralled its audience at the \u201eAlte Oper\u201c in Frankfurt&#8230;\u201c<\/h2>\n<p><em>Frankfurter Neue Presse<\/em><\/p>\n<h2>&#8220;Light and lively rendition by a talented trio\u201d<\/h2>\n<p>Trio A Due &#8211; an attractive collection of vocal duets,&#8230;nicely exploited the tonal blending of the two voices above the appropiately sparkling piano texture&#8230;pleasently light and lively in content&#8230; with fine musicianship.\u201c<\/p>\n<p><em>Canberra Times<\/em><\/p>\n<h2>S\u00fc\u00dfeste Verbundenheit&#8230;<\/h2>\n<p>es war eine Freude, diese lebensfrischen Interpretationen in sich aufzunehmen&#8230;. da wurde Hildegard von Bingens innige Hymne an den Heiligen Geist zum Glanzst\u00fcck dieses Zyklus; es war, als wollte einem da das Herz wegschwimmen. Weitere St\u00fccke aus irisch-keltischen und jiddischen Gefilden vervollst\u00e4ndigten dieses wunderbare Konzert. Viel Beifall, als letzte Zugabe dann Brahms Lied \u201eDie Meere\u201c, hatte das schon mal jemand so beschwingt und ohne jede Erdenschwere geh\u00f6rt? Solchen K\u00fcnsten beugt man sich, s\u00fc\u00dfester Verbundenheit, doch gern.<\/p>\n<p><em>Potsdamer Neue Nachrichten<\/em><\/p>\n<h2>Ohne jeglichen gek\u00fcnstelten Effekt \u2013 \u201eTrio a Due\u201c gab beachtliches Konzert\u2026<\/h2>\n<p>Umfangreiche Ausdruckspalette vom strahlenden Forte bis zum sorgf\u00e4ltig nuancierten Pianissimo\u2026Klangfarbliche und dynamische Delikatesse nutzten die jungen Stimmen, um das volksliedhaft Schlichte in den Vordergrund zu stellen\u2026Klavieristische Brillanz und Mezzokultur\u2026Kantable Aufschw\u00fcnge und eine ungemein differenzierte Pianoschattierung\u2026 Das k\u00fchne St\u00fcck \u201eFreezing\u201c von Ph. Glass fordert mit seinen extrem hohen Stimmlagen, haarscharf kalkulierter Obertonreibung bei rhythmischer Unruhe im Klavierpart artistisches K\u00f6nnen. Das Trio blieb auch dieser pikanten Herausforderung nichts schuldig.<\/p>\n<p><em>Bremer Nachrichten<\/em><\/p>\n<h2>\u201eLach un saj frajlech\u201c Ein total ergreifendes Duo\u201c<\/h2>\n<p>ein unvergesslicher Abend mit dem \u201eTrio A Due\u201c\u2026jiddische Lieder, melancholische Traditionals aus Schottland und Irland, Jazziges vom Feinsten\u2026aufbereitet von zwei faszinierenden K\u00fcnstlerinnen. \u2026 so steigerte sich der Abend zu einem Konzert der Begeisterten mit Bravos und Pfiffen eines schier aus dem H\u00e4uschen geratenen Publikums\u2026<\/p>\n<p><em>Hannoversche Allgemeine Zeitung\u2028\u2028<\/em><\/p>\n<h2>Manch vertrautes Lied wird f\u00fcr den H\u00f6rer zu einer bemerkenswerten Neuentdeckung\u2026<\/h2>\n<p>Bis in die heutige Zeit haben S\u00e4nger und Pianisten bei der Interpretation von Kunstliedern einen gemeinsamen Nenner zu finden. Beim Trio A Due ist die Pianistin gleichzeitig auch eine der beiden S\u00e4ngerinnen. Die beiden Musikerinnen lassen so auff\u00e4llig homogene und individuelle Interpretationen entstehen.<\/p>\n<p><em>DeutschlandRadioBerlin<\/em><\/p>\n<h2>Musikalische Spiellust und Sangeskunst:<\/h2>\n<p>Trio A Due wird erst nach drei Zugaben entlassen\u2026 Almut Seebeck und Felicitas Weyer, die ihr Publikum hinrissen\u2026Gut aufeinander eingespielt\u2026in selbst- und ma\u00dfgeschneiderten, geschmeidigen Arrangements \u2026Besonders im Block der romantischen Lieder von den britischen Inseln fiel Felicitas Weyer als Klavierspielerin ins Gewicht, wucherte mit f\u00fclligen Bearbeitungen und musikantischer Spielfreude\u2026Ihr Swing aus \u201eIt Don\u00b4t Mean A Thing\u201c und das Augenzwinkern von \u201eZuluman is feeling blue\u201c oder \u201eMy Baby just cares for me\u201c \u00fcbertrugen sich nahtlos aufs \u2026hoch zufriedene Publikum.<\/p>\n<p><em>Rhein Main Presse<\/em>[\/vc_column_text][vc_separator][vc_column_text]<\/p>\n<h2>Download Photos<\/h2>\n<h3>Hier kommen Sie zu unserem gesch\u00fctzten Presse-Download-Bereich. Ben\u00f6tigen Sie Informationen zu Trio-A-Due, schicken Sie uns doch bitte eine Anfrage und wir werden Ihnen das Passwort zukommen lassen.<\/h3>\n<p><a itemprop=\"url\" href=\"http:\/\/trio-a-due.de\/?page_id=21\" target=\"_blank\" style=\"font-size: 18px;font-weight: 400\" class=\"eltdf-btn eltdf-btn-large eltdf-btn-solid\"  >\n    <span class=\"eltdf-btn-text\">Pressebereich<\/span>\n    <i class=\"eltdf-icon-font-awesome fa  \" ><\/i><\/a>[\/vc_column_text][\/vc_column][\/vc_row]<\/p>\n","protected":false},"excerpt":{"rendered":"<p>[vc_row][vc_column css=&#8221;.vc_custom_1541414513510{padding-bottom: 100px !important;}&#8221;][vc_column_text css=&#8221;.vc_custom_1576666089892{padding-bottom: 50px !important;}&#8221;] Niggemann Foundation: First honour for two Frankfurt musicians&#8230;Ilse Niggemann had just launched the \u201dNiggemann Foundation for the promotion of gifted artists\u201d. According to the 81-year old art-collector , musicians should principally benefit from this foundation, but also architects [&hellip;]<\/p>\n","protected":false},"author":1,"featured_media":457,"parent":0,"menu_order":0,"comment_status":"closed","ping_status":"closed","template":"","meta":[],"_links":{"self":[{"href":"https:\/\/www.trio-a-due.de\/index.php?rest_route=\/wp\/v2\/pages\/17"}],"collection":[{"href":"https:\/\/www.trio-a-due.de\/index.php?rest_route=\/wp\/v2\/pages"}],"about":[{"href":"https:\/\/www.trio-a-due.de\/index.php?rest_route=\/wp\/v2\/types\/page"}],"author":[{"embeddable":true,"href":"https:\/\/www.trio-a-due.de\/index.php?rest_route=\/wp\/v2\/users\/1"}],"replies":[{"embeddable":true,"href":"https:\/\/www.trio-a-due.de\/index.php?rest_route=%2Fwp%2Fv2%2Fcomments&post=17"}],"version-history":[{"count":13,"href":"https:\/\/www.trio-a-due.de\/index.php?rest_route=\/wp\/v2\/pages\/17\/revisions"}],"predecessor-version":[{"id":458,"href":"https:\/\/www.trio-a-due.de\/index.php?rest_route=\/wp\/v2\/pages\/17\/revisions\/458"}],"wp:featuredmedia":[{"embeddable":true,"href":"https:\/\/www.trio-a-due.de\/index.php?rest_route=\/wp\/v2\/media\/457"}],"wp:attachment":[{"href":"https:\/\/www.trio-a-due.de\/index.php?rest_route=%2Fwp%2Fv2%2Fmedia&parent=17"}],"curies":[{"name":"wp","href":"https:\/\/api.w.org\/{rel}","templated":true}]}}